a factor of 10471828?
False
Is 16297584 a multiple of 526?
True
Is 260313 a multiple of 925?
False
Is 288 a factor of 209664?
True
Does 24 divide 30456?
True
Does 54 divide 110370?
False
Is 2758 even?
True
Is 187 a factor of 1410589?
False
Is 3244212 a multiple of 13?
False
Does 2 divide 4895298?
True
Does 177 divide 121059?
False
Does 19 divide 73113?
False
Is 201 a factor of 11200521?
False
Is 5 a factor of 210010?
True
Does 146 divide 32587930?
True
Is 284 a factor of 2916396?
True
Is 99396 a multiple of 66?
True
Is 8 a factor of 2315272?
True
Is 40 a factor of 2441440?
True
Does 83 divide 199?
False
Does 114 divide 55404?
True
Is 665985 a multiple of 75?
False
Is 97311 a multiple of 25?
False
Is 449017 a multiple of 22?
False
Does 176 divide 262416?
True
Is 10 a factor of 27060?
True
Is 1072835 a multiple of 491?
True
Is 439374 a multiple of 86?
True
Is 65017 a multiple of 3?
False
Does 14 divide 256704?
True
Does 35 divide 47495?
True
Is 30723 a multiple of 14?
False
Is 53 a factor of 33602?
True
Is 94 a factor of 2269818?
True
Is 5732658 a multiple of 138?
True
Is 16 a factor of 677167?
False
Does 96 divide 45638?
False
Is 17 a factor of 13444?
False
Does 24 divide 15389?
False
Is 45 a factor of 341595?
True
Does 62 divide 369582?
True
Is 39648 a multiple of 32?
True
Does 221 divide 1156213?
False
Does 108 divide 79742?
False
Is 134 a factor of 1310651?
False
Is 1490136 a multiple of 30?
False
Is 1775632 a multiple of 18?
False
Is 2529521 a multiple of 232?
False
Is 12 a factor of 116520?
True
Is 28 a factor of 26921876?
False
Is 799 a factor of 2263595?
False
Is 24 a factor of 3841065?
False
Does 41 divide 74642?
False
Is 2283240 a multiple of 106?
True
Is 6400 a multiple of 8?
True
Does 12 divide 5387688?
True
Does 663 divide 1959828?
True
Is 15 a factor of 3167115?
True
Does 493 divide 2347666?
True
Is 226 a factor of 10128123?
False
Does 7 divide 108815?
True
Is 941 a factor of 4277786?
True
Is 18 a factor of 238057?
False
Is 691731 a multiple of 128?
False
Does 59 divide 549939?
True
Does 56 divide 2804874?
False
Is 48 a factor of 699840?
True
Is 9615467 a multiple of 20?
False
Is 521 a factor of 26253675?
False
Does 136 divide 1256640?
True
Is 1896540 a multiple of 433?
True
Does 417 divide 1936004?
False
Is 732118 a multiple of 86?
True
Does 12 divide 441204?
True
Is 495 a factor of 387005?
False
Does 340 divide 3553680?
True
Does 159 divide 14145042?
False
Does 17 divide 193239?
True
Does 1083 divide 4681809?
True
Does 6 divide 32414?
False
Does 363 divide 238128?
True
Does 836 divide 1625816?
False
Is 85351 a multiple of 41?
False
Is 3247640 a multiple of 1331?
True
Is 19 a factor of 9658?
False
Is 5154851 a multiple of 6?
False
Does 33 divide 679284?
False
Does 312 divide 12816479?
False
Does 21 divide 955959?
False
Is 802528 a multiple of 16?
True
Is 2699316 a multiple of 582?
True
Is 192726 a multiple of 249?
True
Is 2368733 a multiple of 179?
False
Is 376 a factor of 744041?
False
Is 698202 a multiple of 79?
True
Is 1372392 a multiple of 1176?
True
Is 284726 a multiple of 47?
True
Is 524400 a multiple of 456?
True
Is 949218 a multiple of 107?
False
Does 2542 divide 19751340?
True
Is 9990836 a multiple of 127?
True
Is 788099 a multiple of 14?
False
Does 161 divide 415219?
True
Is 307 a factor of 2118300?
True
Is 117 a factor of 9590490?
True
Is 9193835 a multiple of 24?
False
Is 379976 a multiple of 41?
False
Is 264 a factor of 4473118?
False
Is 9111 a multiple of 7?
False
Is 73780 a multiple of 14?
True
Is 4 a factor of 43017?
False
Is 734 a factor of 27610265?
False
Does 32 divide 99520?
True
Does 41 divide 4594706?
True
Does 68 divide 184756?
True
Is 83 a factor of 1938947?
False
Is 46 a factor of 188823?
False
Does 12 divide 94412?
False
Is 476848 a multiple of 16?
True
Does 538 divide 1341746?
False
Is 3 a factor of 6316?
False
Does 312 divide 653789?
False
Is 1330113 a multiple of 23?
True
Is 239799 a multiple of 57?
True
Is 547960 a multiple of 135?
False
Is 95931 a multiple of 10?
False
Does 217 divide 612374?
True
Does 4 divide 51427?
False
Is 390 a factor of 1164930?
True
Is 1496686 a multiple of 32?
False
Is 46 a factor of 9763?
False
Is 224 a factor of 78400?
True
Is 101499 a multiple of 751?
False
Does 984 divide 24208117?
False
Is 322 a factor of 900419?
False
Is 950 a factor of 5482450?
True
Does 13 divide 254313?
False
Does 360 divide 195009?
False
Is 9 a factor of 131621?
False
Is 112136 a multiple of 201?
False
Does 110 divide 326920?
True
Is 7226515 a multiple of 219?
False
Is 9 a factor of 25461?
True
Is 87 a factor of 13579575?
False
Does 27 divide 186462?
True
Is 16 a factor of 12208?
True
Is 128093 a multiple of 203?
True
Is 7981252 a multiple of 60?
False
Is 6605208 a multiple of 72?
True
Is 27159 a multiple of 72?
False
Is 483 a factor of 239899?
False
Does 587 divide 989682?
True
Is 575169 a multiple of 183?
True
Is 193517 a multiple of 194?
False
Does 266 divide 1352091?
False
Is 3824392 a multiple of 711?
False
Does 30 divide 132750?
True
Is 4 a factor of 197363?
False
Is 1907640 a multiple of 14?
True
Is 182629 a multiple of 20?
False
Is 20 a factor of 2760?
True
Is 74 a factor of 4573274?
True
Is 1151304 even?
True
Is 2305556 a multiple of 61?
True
Is 416119 a multiple of 11?
True
Does 12 divide 25692?
True
Is 76 a factor of 13731?
False
Does 44 divide 7612?
True
Does 3 divide 21559?
False
Does 181 divide 137633?
False
Is 9 a factor of 1314207?
True
Is 196 a factor of 70342?
False
Does 3 divide 12264?
True
Is 21 a factor of 194061?
True
Is 322 a factor of 4980945?
False
Is 2 a factor of 2361?
False
Is 19 a factor of 3188157?
False
Does 294 divide 6063103?
False
Is 12 a factor of 610236?
True
Does 613 divide 3721523?
True
Is 6 a factor of 1302115?
False
Does 12 divide 189024?
True
Is 89 a factor of 1302515?
True
Is 161 a factor of 607292?
True
Is 365904 a multiple of 378?
True
Is 9 a factor of 50832?
True
Is 106212 a multiple of 212?
True
Is 7035 a multiple of 11?
False
Is 4845571 a multiple of 578?
False
Does 353 divide 2663032?
True
Does 6 divide 56676?
True
Is 1885 a factor of 595660?
True
Is 2637684 a multiple of 7?
True
Is 2490800 a multiple of 325?
True
Does 229 divide 51067?
True
Is 238216 a multiple of 10?
False
Does 48 divide 878592?
True
Does 22 divide 739904?
True
Is 1665 a factor of 32452557?
False
Is 450 a factor of 32400?
True
Is 90 a factor of 1568274?
False
Does 1075 divide 9313039?
False
Does 15 divide 2088690?
True
Is 5028896 a multiple of 5?
False
Does 614 divide 101521?
False
Is 96 a factor of 953184?
True
Is 168805 a multiple of 5?
True
Is 3 a factor of 261777?
True
Is 19 a factor of 2724106?
True
Is 168 a factor of 483672?
True
Is 20965991 a multiple of 1556?
False
Is 68854 a multiple of 202?
False
Does 11 divide 4762461?
True
Is 704196 a multiple of 18?
True
Is 118 a factor of 946621?
False
Is 1046890 a multiple of 89?
False
Is 29 a factor of 6681127?
False
Is 65590 a multiple of 7?
True
Is 21 a factor of 153069?
True
Is 74670 a multiple of 4?
False
Does 24 divide 227472?
True
Is 165 a factor of 78579?
False
Does 6 divide 75243?
False
Does 17 divide 1963440?
False
Is 43 a factor of 615760?
True
Is 879754 a multiple of 107?
True
Does 167 divide 332831?
True
Does 7 divide 15579049?
False
Is 555634 a multiple of 22?
False
Does 76 divide 1724677?
False
Is 23245 a multiple of 2?
False
Is 271653 a multiple of 5?
False
Is 66 a factor of 547716?
False
Does 8 divide 231872?
True
Is 41 a factor of 8485172?
False
Does 142 divide 241142?
False
Is 375 a factor of 3601923?
False
Is 113820 a multiple of 30?
True
Is 161 a factor of 1977402?
True
Is 1284916 a multiple of 12?
False
Is 64552 a multiple of 7?
False
Is 143930 a multiple of 185?
True
Does 1654 divide 12832192?
False
Is 23 a factor of 370943?
False
Is 2 a factor of 3443?
False
Is 316128 a multiple of 16?
True
Does 17 divide 11401594?
True
Is 4519850 a multiple of 338?
False
Is 1455314 a multiple of 20?
False
Is 50530 a multiple of 110?
False
Is 9032366 a multiple of 98?
True
Does 52 divide 2284776?
True
Is 6619320 a multiple of 20?
True
Does 6 divide 918328?
False
Is 177 a factor of 6698388?
True
Does 99 divide 7613595?
True
Is 10 a factor of 1093941?
False
Is 31 a factor of 2010012?
False
Does 45 divide 5760900?
True
Does 18